. Let q = 21 - h. List the prime factors of q.
2, 5
Suppose -2*l - 5*g + 266 - 91 = 0, -5*g + 85 = l. Suppose -7*b = -2*b - l. What are the prime factors of b?
2, 3
Let q(m) = m - 2 + 1 + 0*m + 0. List the prime factors of q(14).
13
Suppose -a + 3 = -k - 2*a, 5*k - 30 = 4*a. Suppose 0 = p + 5*t + 4 - 33, 0 = 3*p + k*t - 74. List the prime factors of p.
2, 3
Let m be (-3)/12 + 195/12. Let v = m - 12. List the prime factors of v.
2
Let q = 4 - -3. List the prime factors of q.
7
Let l = -2 - -59. List the prime factors of l.
3, 19
Suppose 10 = -5*c, 0 = -5*u - 3*c - 278 - 583. Let b be -1*2 - u/3. Suppose 5*a - b = -3*w, -w - 1 = -4*a + 9. What are the prime factors of w?
2, 5
Let p(m) = 4*m**2 + m**2 - 3*m**2 + 0*m**2. Let g be p(-1). Suppose g*d = 9 + 7. List the prime factors of d.
2
Let t(p) = 15*p - 20. What are the prime factors of t(6)?
2, 5, 7
Let o be ((-14)/(-10))/(2/10). Let f = o - 2. What are the prime factors of f?
5
Suppose -5*h = -2*a + 49 + 3, h = 2. Let j = 70 - a. What are the prime factors of j?
3, 13
Let t = 66 - 113. Let g = -30 - t. List the prime factors of g.
17
List the prime factors of 143/3*(15/3 + -2).
11, 13
Let d be 194/(-22) - 4/22. What are the prime factors of 8/36 - 124/d?
2, 7
Let i(h) = h**3 - 2*h**2 + h - 1. Let g be i(2). Let p(w) = -189*w**2. Let r be p(g). List the prime factors of 1/4 + r/(-12).
2
List the prime factors of ((-7)/14)/(4/(-536)).
67
Suppose -6*d + 24 = -2*d. List the prime factors of ((-8)/14)/(d/(-21)).
2
Let y be (5 - (2 + -1))/2. Let r be (1/y)/((-5)/210). Let a = r - -29. List the prime factors of a.
2
Let h = 50 - 29. Suppose -5*o + h + 4 = 0. What are the prime factors of o?
5
Suppose 153 = 4*y - 43. List the prime factors of y.
7
Let i(d) = 0 - 19*d - 5 + 1 + 3. What are the prime factors of i(-1)?
2, 3
Let c(d) = -d**2 - 2*d + 4. Let l(r) = 2*r**2 + r - 4. Let w(m) = 4*c(m) + 3*l(m). Let t = 18 + -15. What are the prime factors of w(t)?
7
Suppose 3*y - 37 = 2*y. What are the prime factors of y?
37
Let d be (12/10)/((-9)/570). Let t be (4 - 1) + -4 - d. Suppose -t = -2*i - 3*i. What are the prime factors of i?
3, 5
Let q = -9 + 25. Let o be (q/12)/((-2)/(-3)). Let a(u) = u**3 - 3*u + 2. List the prime factors of a(o).
2
Let d(j) = 2*j**2 - 3*j - 3. Suppose 4*i = 2*b - i + 4, 0 = -2*i. What are the prime factors of d(b)?
11
List the prime factors of (-1)/4*-3 - 2085/(-20).
3, 5, 7
Let z(o) = 3*o**2 - 3*o - 10. What are the prime factors of z(-3)?
2, 13
Suppose -2*l + 2*c = -3*c - 6, -4*l = -5*c - 32. List the prime factors of l.
13
What are the prime factors of (-1)/(-5) - 1*(-770)/25?
31
Suppose -g + 19 = -o, 5*g - 1 = 3*o + 86. Suppose -f + 60 = 3*f. Suppose -3*u = -g - f. List the prime factors of u.
2, 5
Suppose -k = 2*k + 12. List the prime factors of ((-3)/4)/(k/48).
3
Suppose -38 = -y + 152. List the prime factors of y.
2, 5, 19
List the prime factors of (10 - 7) + 9*1.
2, 3
Let u be 4/20 - (-38)/10. Suppose u*a - 5*a + 5*z - 7 = 0, -z = 3*a - 59. What are the prime factors of a?
2, 3
Let h(x) = x**2 - 4*x + 1. What are the prime factors of h(8)?
3, 11
Let k = 25 - 15. What are the prime factors of k?
2, 5
Let a = -6 - 0. Let k = a - -12. Suppose 5*j + 4*v - 35 = 0, -2*v + k*v - 14 = -2*j. What are the prime factors of j?
7
List the prime factors of (-4 + (-34)/(-8))*4*121.
11
Let b = 444 + -262. What are the prime factors of b?
2, 7, 13
Let z = 12 + 0. Suppose z = c + c. Let x = c + -4. List the prime factors of x.
2
Let r(h) = -6 + 3*h - 4*h + 3*h. List the prime factors of r(9).
2, 3
Let y be (4/(-5))/(-1) + 46/5. Let m(b) = -2*b + 10. Let s(z) = -2*z + 10. Let g(x) = 4*m(x) - 5*s(x). What are the prime factors of g(y)?
2, 5
What are the prime factors of 2/(-11) + 15540/44 + -5?
2, 3, 29
Suppose b + 1 = p, -3*p + 5 = -4*b + 2*p. Suppose 0 = 3*j + 6, j = 3*v - b*v - 137. Suppose -5*o + 0*o + v = 0. What are the prime factors of o?
3
Let z(h) = 8*h**3 + 2*h**2 - h. Let q(i) = i - 7. Let y be q(8). What are the prime factors of z(y)?
3
Let z be 4 - ((-1 - 0) + 1). Suppose 2 = -2*j - z. Let h = 7 - j. List the prime factors of h.
2, 5
Suppose 4*x = -5*r + 26 + 28, -4*x = 4*r - 44. What are the prime factors of r?
2, 5
Suppose h - 30 = -h. Let p = h - 9. List the prime factors of p.
2, 3
Let i be (3/6)/((-1)/(-26)). List the prime factors of 1*i + (3 - 2).
2, 7
Suppose 3*z - 134 = -7*f + 2*f, -2*z + 131 = -5*f. Let k = z + -35. List the prime factors of k.
2, 3
Suppose 5*d - 8 = d. Suppose -d = i + h, 0*i - 5*h = -5*i + 40. Suppose i = x - 4. What are the prime factors of x?
7
Let y = -3 - -18. Let b = y - 1. What are the prime factors of b?
2, 7
Suppose -5*r - 2*a + 50 = -7*a, 5*a = -5*r + 90. Let i = -9 + 16. Let m = r - i. What are the prime factors of m?
7
Let g = 1 - -3. Suppose -2*x - g = -8. Suppose 26 = x*w + 10. List the prime factors of w.
2
Let y(f) = 8*f**3 + 4*f**2 + 3*f - 11. List the prime factors of y(3).
2, 5
Let l be (-1)/(-1) + 4*1. Let f = 4 + l. List the prime factors of f.
3
Let v(c) = c**2 - 10*c + 11. Let g be v(8). Let j(r) = r**3 + 5*r**2 - 3*r. Let u be j(g). What are the prime factors of u*1 + -5 + 7?
17
Suppose 0 = u - 0*u - 18. Let j = 24 + 11. Let r = j - u. What are the prime factors of r?
17
Let m(k) = k - 2. Let l be m(0). Let r(h) = -10*h - 3. What are the prime factors of r(l)?
17
Let t = -7 - -13. List the prime factors of (-2)/t - (-19)/3.
2, 3
Let f = 3 + 0. List the prime factors of f.
3
Suppose 4*g - 2*u = 320, -316 = -4*g + 2*u + 2*u. What are the prime factors of g?
3
Let l(w) = -w**2 + 8*w + 2. Let k = -8 - -12. List the prime factors of l(k).
2, 3
Suppose 12*h - 15 = 17*h. Let n(x) = -5*x - 3*x + 3*x. What are the prime factors of n(h)?
3, 5
Suppose 3*l + 2*d = -d + 330, 0 = 5*l - 2*d - 578. What are the prime factors of ((-4)/(-6))/(4/l)?
19
Suppose -3*z - 4*m = -4, -4*z + 3*m = -23 + 1. Suppose 0*i - 2*i = -8. Suppose z*y = 2*a - 38, i*a + 4*y = 18 + 10. What are the prime factors of a?
11
Suppose -4*z = -c - 57, 0 = -3*z + z + 4*c + 32. Let i = -4 - z. List the prime factors of -18*(-3)/(i/(-4)).
2, 3
Suppose 654 = 5*k - 131. What are the prime factors of k?
157
Suppose -4*z - z = -935. List the prime factors of z.
11, 17
Let t be (2/3)/((-2)/(-9)). Suppose -t*a + 15 = 2*a. Suppose 4*h - 5 - a = 0. List the prime factors of h.
2
Suppose -b + 22 + 39 = 0. Suppose v + 4*q - 23 = 0, -b = v - 6*v - 2*q. List the prime factors of v.
11
Let i = -1 + 102. What are the prime factors of i?
101
Let t be 1 + -5 + 3 + 3. Suppose 3*w - 11 = -5*o - 2, -t*o = 4*w + 2. List the prime factors of o.
3
Let i(d) = d**3 + 9*d**2 + 5*d - 2. Let y(s) = -s**2 - 6*s - 1. Let f be y(-7). List the prime factors of i(f).
2, 11
Let q(b) = -b**2 - 19. Let u be q(0). Let w = u + 39. What are the prime factors of w?
2, 5
List the prime factors of (-1410)/(-40)*8/6.
47
Let m be ((-10)/(-6))/((-1)/(-3)). Suppose -2*u - b + 19 = 0, -m*b = 1 - 6. List the prime factors of 2/u + (-230)/(-18).
13
Suppose -p = -0*p + 5*x - 17, 0 = 4*p - 2*x - 2. Suppose -h + p*t - 14 = -3*t, 3*t + 40 = 5*h. List the prime factors of h.
11
Suppose 6*r + 18 = 7*r. List the prime factors of r.
2, 3
Let r(z) = 2*z**3 + 10*z**2 - 12*z + 4. What are the prime factors of r(-6)?
2
Let y be (-4)/(2/3 + 0). Let a be 12/(-15)*(-1 - y). Let p = 10 + a. What are the prime factors of p?
2, 3
Suppose 0 = 2*t - 5*p - 104, -4*p = -0*t - 3*t + 142. Suppose -2*x - t = -5*x. List the prime factors of x.
2, 7
Suppose -2*x - 5 = 2*k + x, 0 = -3*k + x + 9. Suppose 0 = -0*b - b - k. Let v = 4 + b. List the prime factors of v.
2
Let l(m) = 4*m + 2. Suppose 0 = s + 3*s - 12. List the prime factors of l(s).
2, 7
Let s(k) = -k**3 - 6*k**2 + k + 6. Let u be s(-5). What are the prime factors of (9/2)/((-3)/u)?
2, 3
Suppose -u + 160 + 19 = 0. What are the prime factors of u?
179
Suppose 0*t - 2*t = -4. Let j(s) = -14*s - 2. Let i be j(-2). What are the prime factors of t/(-13) - (-134)/i?
5
Let b = 5 + -7. What are the prime factors of (-36)/b*(-2)/(-3)?
2, 3
Suppose 5 = -4*t - 3. Let c = t - -5. Suppose -n - 3*i = c*n - 57, 4*n - 33 = 5*i. What are the prime factors of n?
2, 3
Suppose -5*v = -3*v + 2*i - 142, -3*v + 228 = -2*i. Suppose w + w = 2*a + v, -4*a = -16. List the prime factors of w.
41
Let i(x) be the 